y) = 5 + 1 - 5 + 16*y + 1. Let j be w(3). What is the greatest common divisor of q and j?
10
Suppose -146*g - 32 = -154*g. What is the highest common divisor of 1024 and g?
4
Suppose 6 = 6*r - 72. What is the greatest common divisor of r and 2171?
13
Let c = -28 + 80. Let f be (117/5)/((-7137)/(-47580)). Calculate the greatest common factor of c and f.
52
Let x(t) = 3*t. Let w be x(3). Suppose -70*a + 34*a - 135 = -41*a. What is the greatest common factor of a and w?
9
Suppose -74 = -4*v + 3*v. Let r = -30485 - -30670. Calculate the highest common divisor of r and v.
37
Let p = -37 - -38. Suppose 8 = 4*k, 2*h + k - p - 5 = 0. Suppose 24 + 29 = 4*n - r, 44 = 4*n - 4*r. What is the greatest common divisor of h and n?
2
Let x(b) = b**2 - 8*b + 9. Let s be x(7). Let w = -11 + 13. Let q be w - (-6 + 3 - -3). Calculate the highest common divisor of q and s.
2
Let g be (14 - (-2270200)/180) + 4/(-18). Calculate the greatest common divisor of 214 and g.
214
Suppose -17 = -4*t - 9, 3*t = 5*k - 394. Calculate the highest common divisor of k and 2440.
40
Suppose -9*z - 49*z - 90*z + 2368 = 0. Calculate the greatest common divisor of z and 8000.
16
Let i be -150*(-4 - -4*12/32). Let r be 4/50 + (-4103)/(-275). Calculate the highest common factor of i and r.
15
Suppose 3*h + 21 = w, 5*h + 1 = -w - 2. Let z be -117 - 3*1*9/27. Let u = z - -250. What is the highest common factor of u and w?
12
Let d = -127 + 131. Suppose -2*u + 1391 = -0*u + r, d*r = 3*u - 2059. What is the highest common divisor of u and 63?
63
Suppose 37*x - 39*x = -14. Suppose -x*d + 862 = -370. Calculate the highest common divisor of 22 and d.
22
Suppose 7*m = 3*m + 528. Let p be (0/2 + 99)*(19 - (3 - -15)). Calculate the greatest common divisor of p and m.
33
Suppose 0 = -68*a + 13017 + 28327. Calculate the greatest common factor of a and 190.
38
Let x(j) = j**2 - 14*j + 30. Let k be x(13). Let t be (k - 2)*-1*(-28)/28. Calculate the highest common divisor of t and 75.
15
Let t(z) = z**2 - 21*z - 427. Let f be t(-14). Calculate the highest common factor of f and 147.
21
Let w be ((-42)/(-56))/(3/312). What is the greatest common factor of 8502 and w?
78
Let m(h) = -21*h - 762. Let y be m(-36). Let z be 5*(2/(-5) + 2). Let f = z - y. What is the highest common factor of 70 and f?
14
Suppose 4*u + 3*h = -0*u + 19, 2*u + 2*h - 8 = 0. Suppose 10 = u*a - 25. Suppose a*i - 884 = -224. What is the greatest common factor of i and 12?
12
Let s be 7 - (-2 + (-126)/(-21)). What is the greatest common divisor of 4470 and s?
3
Let l = 5112 - 4039. What is the highest common divisor of l and 29?
29
Let d = -1515 + 866. Let r = d - -1273. Calculate the greatest common divisor of r and 48.
48
Let b(h) = h**3 + 13*h**2 - 19*h + 16. Let q be b(-10). Suppose -377*z = -366*z - q. What is the highest common factor of 6 and z?
2
Let p = -4 + 11. Suppose -7*b - 2*m + 1190 = -3*b, m = -4*b + 1197. What is the greatest common divisor of b and p?
7
Suppose s - 6 = 6. Let q = 38050 - 38014. What is the highest common divisor of q and s?
12
Suppose 256*y - 297*y + 9840 = 0. What is the greatest common divisor of 615 and y?
15
Let h = -8630 + 8687. Calculate the highest common factor of h and 475.
19
Let u = 328 - 291. Let p = u + -28. What is the highest common factor of p and 18?
9
Suppose 52 = 2*h + 11*h. Suppose 0 = 5*s + w - 409, 2*s + 4*w + 146 = h*s. What is the highest common divisor of 27 and s?
27
Let y = 155 - 232. Let h = y - -220. Suppose 0*g - 178 = -3*g - 2*f, -5*f = -3*g + h. What is the greatest common factor of g and 14?
14
Let i(t) = 2*t + 16. Let k be (-54)/(-10) + 32/(-80). Suppose o - 18 = k*y - 0*y, 6 = o + y. Let d be i(o). Calculate the highest common divisor of d and 224.
32
Let d(i) = 60*i**2 - 4*i - 6. Let u be d(-2). Let v = u + -208. Calculate the greatest common divisor of 68 and v.
34
Let f = -5370 - -5460. What is the greatest common factor of 666 and f?
18
Suppose -q + 5*s = -47, 46*q - 340 = 42*q + s. Calculate the greatest common divisor of q and 41238.
87
Suppose 0*t - 48 = 4*t. Let j = 13 + t. Let b be (1 + -13)*(-3 - (-14)/6). What is the highest common factor of b and j?
1
Let r be 7 - -133 - (0 - -2). Suppose 2*t = -18 + r. Calculate the greatest common factor of t and 20.
20
Let m be 3/4 + 14553/84. Suppose 3*k - 651 + m = 0. Suppose -29 + k = 5*p. What is the highest common factor of 13 and p?
13
Suppose -14*i = 4*o - 11*i - 1257, 0 = 3*o + 3*i - 942. Suppose -53*h + 48*h + o = 0. What is the highest common divisor of 693 and h?
63
Suppose -3 = s - 5*d + 3*d, 25 = s + 5*d. Let n be 105/6*12/s. Let j(r) = -2*r**2 - 83*r + 937. Let v be j(9). Calculate the highest common factor of n and v.
14
Let m(c) be the first derivative of 2*c**3 + 3*c**2/2 - 4*c - 58. Let g be m(1). What is the greatest common divisor of 3 and g?
1
Suppose -21 = 3*j, 11*j + 229 = d + 10*j. What is the highest common divisor of 6549 and d?
111
Suppose 47*v - 2953200 = -45*v. What is the greatest common factor of 100 and v?
100
Let n = 51 - 47. Let f be 13 + (2 - -2 - n). Suppose f*g - 546 = -208. What is the highest common divisor of g and 2?
2
Suppose 106*a + 168628 - 29283 = 135*a. What is the greatest common divisor of 62 and a?
31
Let r be ((-2992)/(-72))/((-18)/(-81)). What is the greatest common factor of 1122 and r?
187
Let y(v) = 5*v + 42*v**2 + 128*v**2 - v + 106*v**2 + 1. Let h be y(-1). What is the greatest common divisor of 39 and h?
39
Let j be 397/(-3) - 9/(-27). Let y = j + 174. What is the greatest common divisor of y and 6?
6
Suppose 323*q - 19*q = 131936. What is the greatest common divisor of q and 28?
14
Let x(n) = -9*n**3 + 3*n**2 - 3*n - 11. Let i be x(-3). Let f = 310 - i. Calculate the greatest common factor of f and 224.
14
Let d(y) = -6*y + 9. Let u be d(-23). Let f = 442 + u. What is the greatest common factor of f and 93?
31
Suppose 25*n = -0*n + 800. Suppose 103 = 5*d - 17. Calculate the greatest common divisor of d and n.
8
Let q(j) = -j**3 - 68*j**2 - 135*j - 147. Let o be q(-66). Calculate the greatest common factor of 85 and o.
17
Let b be -5 - (1 - 2)/(-1). Let g be (-4)/b*249/(-2). Let s = 89 + g. Calculate the highest common factor of s and 42.
6
Let v be 3 + -1 + (-4 - -402). What is the greatest common divisor of 500 and v?
100
Let b = 9 + -9. Suppose b = 3*f - 4*f + 5*m, 2*m - 65 = 3*f. Let t be 5/f*-89 - (-2)/10. What is the greatest common factor of 27 and t?
9
Let g(d) = -50*d**3 - 8*d**2 + 13*d + 27. Let s be g(-8). What is the greatest common divisor of s and 63?
63
Let x = -27996 - -43461. Calculate the highest common factor of 5 and x.
5
Suppose 95*u = 35905 + 56530. What is the greatest common factor of 278 and u?
139
Suppose 5*k + 4*a - 228 = 0, 93*a - 98*a = 5*k - 235. What is the greatest common factor of k and 24020?
20
Let k(c) = c**3 - 10*c**2 + 24*c - 14. Let y be k(2). What is the highest common factor of y and 62?
2
Suppose 143507 - 141197 = q. What is the highest common factor of 3135 and q?
165
Suppose -3*g - 54 = -q, q = -g + 25 + 33. Suppose -3*n + q = -159. Suppose -9*i = -i - n. What is the greatest common factor of 144 and i?
9
Let g(h) = -10*h + 38. Let w(m) = 29*m - 113. Let v(k) = -7*g(k) - 2*w(k). Let s be v(4). Calculate the greatest common factor of 22 and s.
2
Suppose -3292 - 1320 = -4*w. Suppose 0 = -4*r + w - 1089. Calculate the greatest common factor of r and 512.
16
Let w = -701 + 771. Suppose -5*h - 17*r + w = -12*r, -r = 3*h - 38. Calculate the greatest common factor of h and 56.
4
Suppose -3*x + p = 6*p - 481, 3*p - 15 = 0. Suppose -7*r - 21 = -154. Calculate the greatest common divisor of x and r.
19
Let m be (-332)/(-10) + (-56)/280. What is the greatest common factor of m and 539?
11
Suppose -5*i + j - 10 = 0, 13 = -4*i - 4*j - 19. Let m(b) = 4*b**2 - 12*b - 14. Let h be m(4). Let n = h - i. What is the greatest common divisor of n and 55?
5
Let t = -16 - -54. Let s = t + -24. Calculate the greatest common divisor of s and 56.
14
Suppose 2089 = 22*g - g - 746. Calculate the highest common divisor of g and 465.
15
Let s be -1*2/7 - (-101)/((-7777)/(-5412)). Calculate the highest common factor of s and 3010.
70
Let l be 63/(-2)*(-4940)/1729. What is the greatest common factor of l and 1728?
18
Let d be 130/1 - (0 + -2). L